(base 3) to base 2
1011010010010010000
Convert -184a (base 13) to base 7.
-13346
Convert 1232761 (base 11) to base 9.
4023108
110001000110110110100 (base 2) to base 8
6106664
What is -1010202114 (base 5) in base 11?
-1172021
1c31a0c (base 13) to base 4
203300010003
What is -14500221 (base 6) in base 11?
-315899
Convert -11010000000100010011 (base 2) to base 5.
-204232433
Convert 2ab335 (base 14) to base 2.
101101011111011000011
1006633 (base 13) to base 6
251432131
What is 220220001221 (base 3) in base 12?
1b7644
81ab0 (base 15) to base 2
1100100010010100110
What is 4158b (base 14) in base 4?
212131013
-2332313321 (base 4) to base 16
-bedf9
What is -101010011000000001010000 (base 2) in base 13?
-23bc24a
What is -2b6599a (base 12) in base 3?
-121122022010101
Convert 3598 (base 16) to base 9.
20734
140311034 (base 5) to base 16
ae235
What is -431430 (base 7) in base 11?
-51384
What is -1a2e47 (base 16) in base 8?
-6427107
What is 464bb (base 15) in base 5?
24130301
What is -10101001010110010100 (base 2) in base 9?
-1266454
Convert 532425 (base 10) to base 6.
15224533
What is 3001302202 (base 4) in base 10?
793762
-100001100100110010100010 (base 2) to base 8
-41446242
What is -2d970d (base 15) in base 14?
-416d82
Convert -232381 (base 9) to base 14.
-38c03
What is 233305535 (base 6) in base 10?
4363619
-217935 (base 15) to base 13
-43b041
What is -20056332 (base 7) in base 3?
-10010101220100
Convert -1215342 (base 6) to base 12.
-31552
Convert -61b12 (base 16) to base 8.
-1415422
70715 (base 9) to base 11
31a40
What is 5d638 (base 15) in base 12?
12482b
What is -110111113001 (base 4) in base 11?
-3010870
What is 18763018 (base 9) in base 16?
90cc02
What is -11264 (base 12) in base 14?
-8468
What is 5211064 (base 7) in base 4?
2120200021
Convert -34023431 (base 7) to base 15.
-3d33ee
Convert -1422422441 (base 5) to base 16.
-38b87e
Convert 775b63 (base 12) to base 3.
10120101120110
Convert 43cd97 (base 14) to base 8.
10620311
Convert 10101010000100110 (base 2) to base 9.
142403
Convert -124434354 (base 6) to base 9.
-4562337
Convert -1742527 (base 9) to base 11.
-604a6a
Convert 2ddcd4 (base 16) to base 6.
144231020
What is -4384022 (base 9) in base 7?
-26021420
111010111001111 (base 2) to base 7
153633
10891b1 (base 12) to base 10
3167701
What is 10a79fb (base 16) in base 2?
1000010100111100111111011
Convert -b0ca4 (base 16) to base 7.
-6104113
1485 (base 11) to base 15
873
What is 1047731 (base 9) in base 2?
10001001100010110111
111363123 (base 7) to base 14
c83c83
101200 (base 9) to base 7
336516
What is -15267 (base 9) in base 16?
-28bd
Convert -1101001010010001111 (base 2) to base 13.
-12139b
Convert -314217 (base 8) to base 4.
-121202033
-3340154 (base 9) to base 10
-1797844
What is b1d63d (base 15) in base 10?
8449033
-111110100000011000010010 (base 2) to base 4
-332200120102
What is 3777047 (base 8) in base 11?
656501
-31321310210 (base 4) to base 3
-20212011121012
2221211240 (base 5) to base 6
252145501
Convert -4349 (base 10) to base 16.
-10fd
-5d7180 (base 16) to base 2
-10111010111000110000000
501177 (base 8) to base 10
164479
Convert -514401101 (base 6) to base 15.
-baacb7
What is -2a029 (base 13) in base 5?
-10013002
33135 (base 14) to base 12
5b723
-11432435 (base 8) to base 15
-346db0
2410342302 (base 5) to base 11
3157687
-201120002022 (base 3) to base 16
-5dfce
What is -41a54 (base 11) in base 10?
-61164
-169736 (base 10) to base 5
-20412421
Convert -1011021000100 (base 3) to base 4.
-2112031311
100384 (base 10) to base 8
304040
What is 33201000203 (base 4) in base 13?
ac5431
What is -37640 (base 8) in base 15?
-4c5d
Convert -ca054 (base 13) to base 2.
-1011001000011100011
Convert -ab40a (base 13) to base 6.
-10353155
What is -1302018 (base 10) in base 16?
-13de02
What is -61224744 (base 8) in base 14?
-1a04d12
Convert 43aa02a (base 11) to base 13.
17a807c
Convert -965490 (base 10) to base 7.
-11130561
Convert -857a5 (base 13) to base 7.
-2022005
-131572 (base 15) to base 8
-3374621
278297 (base 14) to base 6
45144513
Convert 265690 (base 10) to base 14.
6cb7c
2078041 (base 10) to base 12
8426a1
Convert 13682b1 (base 12) to base 16.
3b11a5
-2111101020202 (base 3) to base 11
-826467
Convert -8b221 (base 14) to base 3.
-122011120001
What is b2735 (base 12) in base 9?
384055
-141012 (base 10) to base 13
-4c251
1211220 (base 6) to base 11
43a34
Convert 993392 (base 11) to base 5.
401220220
What is 110110011100101110 (base 2) in base 13?
7a687
What is -a1ea (base 15) in base 4?
-20112103
17260 (base 12) to base 7
165525
10210100102011 (base 3) to base 7
23060155
What is -10231740 (base 8) in base 13?
-5b2572
Convert -112132104 (base 5) to base 15.
-9eaa4
34442050 (base 6) to base 8
4034416
Convert 435505 (base 6) to base 5.
2130012
Convert 10010101101000100101101 (base 2) to base 13.
1028a13
What is 32320 (base 11) in base 7?
253640
What is -91024 (base 12) in base 4?
-231333130
1110101011100101110 (base 2) to base 15
97815
Convert 11012314 (base 6) to base 16.
502f6
What is 123582 (base 10) in base 11?
84938
a8aa4 (base 11) to base 3
22001021000
Convert 673869 (base 13) to base 2.
1001010010101010000011
What is 222002011210222 (base 3) in base 5?
12022012331
What is 2a4786 (base 11) in base 7?
4015122
What is 3102110310 (base 4) in base 13?
242178
What is -15404121 (base 7) in base 14?
-2a7748
Convert 101122021221 (base 3) to base 5.
23200222
What is 1122010220101 (base 3) in base 15?
1226b7
What is -3811bb (base 12) in base 4?
-3133033133
6101 (base 16) to base 14
909b
What is -85695 (base 14) in base 13?
-b3957
What is -1506006 (base 8) in base 16?
-68c06
What is -5b708 (base 15) in base 12?
-120a75
What is -10000000000110011 (base 2) in base 12?
-31b57
-23522414 (base 6) to base 2
-10110101001000001010
What is 52ab22 (base 13) in base 16?
1d9024
Convert 3417b (base 13) to base 7.
543134
-100000111110101100 (base 2) to base 4
-200332230
Convert 100001010010001110110 (base 2) to base 4.
10022101312
Convert 407644 (base 8) to base 9.
225254
What is 100200023010 (base 4) in base 2?
10000100000001011000100
What is 894b5 (base 13) in base 6?
5201101
Convert 8a728 (base 14) to base 2.
1010010000100110000
212310320 (base 4) to base 3
22002011002
Convert 12305 (base 15) to base 6.
1124435
What is 81100 (base 9) in base 4?
31000302
What is 3451212 (base 7) in base 14?
b3942
What is -23726051 (base 8) in base 9?
-10737384
Convert -129792 (base 11) to base 4.
-301213330
What is 114005153 (base 6) in base 15?
2c63a0
35178 (base 13) to base 6
2024440
What is 133434302 (base 5) in base 8?
2475353
Convert 13480 (base 10) to base 5.
412410
What is 507655 (base 8) in base 9?
275223
Convert -1103220310 (base 4) to base 10.
-342580
143a1 (base 15) to base 7
360235
What is 1803b5a (base 12) in base 5?
2233432403
What is -802909 (base 12) in base 6?
-110434013
Convert 1741c8 (base 13) to base 2.
10001101101011110101
Convert 200102112120101 (base 3) to base 15.
cd69b7
What is -46770 (base 8) in base 14?
-73ba
Convert -131a97 (base 11) to base 13.
-7366b
Convert 1634577 (base 9) to base 13.
25a875
What is -1a4ca2 (base 14) in base 12?
-391426
Convert -235165 (base 7) to base 3.
-2011110211
-aafbb (base 16) to base 15
-dc79c
What is 895591 (base 11) in base 15?
1d2e92
Convert -2c49c3 (base 13) to base 12.
-44a176
What is -a062a (base 12) in base 6?
-4244054
55163 (base 12) to base 15
23529
-498 (base 13) to base 2
-1100100001
Convert 10c218 (base 14) to base 10.
571166
-3e8a (base 15) to base 4
-3101131
Convert 93bd (base 15) to base 9.
46747
What is -2a0345 (base 11) in base 8?
-1623674
Convert -441240221 (base 5) to base 16.
-1cfbac
Convert 1120335 (base 7) to base 12.
68833
Convert 143952e (base 15) to base 3.
1000111100021022
382c1 (base 14) to base 13
4a920
What is 30511534 (base 7) in base 12?
a3417a
-42ea4 (base 15) to base 9
-353511
Convert 3100474 (base 8) to base 4.
3020010330
Convert 1210230300 (base 4) to base 5.
101144324
112477 (base 9) to base 3
10102112121
1207267 (base 8) to base 3
121211122211
What is -1144046 (base 8) in base 3?
-120220212202
Convert 12110000112201 (base 3) to base 6.
142005114
765c7 (base 15) to base 13
102163
What is 1be28 (base 15) in base 7?
526061
Convert 5571d (base 14) to base 12.
9baa7
1502321 (base 6) to ba